{"id":1620,"date":"2024-06-04T19:57:27","date_gmt":"2024-06-04T19:57:27","guid":{"rendered":"https:\/\/millecurve.org\/?page_id=1620"},"modified":"2024-06-07T21:38:51","modified_gmt":"2024-06-07T21:38:51","slug":"presentazione-2024","status":"publish","type":"page","link":"https:\/\/millecurve.org\/index.php\/presentazione-2024\/","title":{"rendered":"PRESENTAZIONE 2024"},"content":{"rendered":"\n<p><em>S<strong>i rinnova l\u2019appuntamento con \u201cLa MilleCurve<\/strong><\/em><strong>\u201d<\/strong><\/p>\n\n\n\n<p>Anche quest\u2019anno, per la diciannovesima volta consecutiva, si svolger\u00e0 la MilleCurve che sar\u00e0, per la diciassettesima volta, valida per il Campionato Italiano. La partenza sar\u00e0 ad Atripalda, dove si svolger\u00e0 la Power Stage e dove i concorrenti potranno consumare il <em>light lunch<\/em> previsto dall\u2019ospitalit\u00e0.<\/p>\n\n\n\n<p><strong>\u201cL\u2019antica <em>Abellinum\u201d<\/em><\/strong><strong><\/strong><\/p>\n\n\n\n<p>Partiti da Atripalda, antico insediamento che in et\u00e0 romana assunse importanza strategica all\u2019epoca della costruzione della via Appia attraverso un percorso in parte inedito, i concorrenti arriveranno ad affrontare prima il tradizionale \u201cMalepasso\u201d e poi il maestoso \u201cTerminio\u201d sino ad arrivare alla Piana di Verteglia.<\/p>\n\n\n\n<p><strong><em>\u201cLa piana del Dragone\u201d<\/em><\/strong><strong><em><\/em><\/strong><\/p>\n\n\n\n<p>Dopo la discesa verso valle e una breve sosta ristoratrice, sar\u00e0 ancora salita e saranno ancora curve. Curve che, una via l\u2019altra, porteranno gli equipaggi ad attraversare la Piana del Dragone: un\u2019immensa area pianeggiante che in inverno diventa un lago ed \u00e8 interamente circondata dai monti che la delimitano, tanto da sembrare un vero e proprio anfiteatro naturale.<\/p>\n\n\n\n<p><strong>\u201c<em>Non c\u2019\u00e8 sosta se non sulla vetta<\/em>\u201d<\/strong><\/p>\n\n\n\n<p>Dopo i monti Picentini e il massiccio del Terminio ad aumentare il dislivello ci penseranno i monti del Partenio, con gli immancabili tornanti in salita che porteranno gli equipaggi alla sommit\u00e0 di Montevergine.<\/p>\n\n\n\n<p>11 chilometri di curve e tornanti, teatro negli anni \u201970 dell\u2019epica cronoscalata valida per il Trofeo Nazionale della Montagna, che condurranno gli equipaggi ai 1270 mt di quota, dove si trova l\u2019omonimo Santuario,&nbsp; dopo 13 intense prove cronometrate.<\/p>\n\n\n\n<p><strong>\u201c<em>E non finisce qua<\/em>\u201d<\/strong>&nbsp;&nbsp;<\/p>\n\n\n\n<p>Dopo la cena al ristorante Parthenos gli equipaggi affroteranno la discesa che conduce a valle. E non sar\u00e0 una passeggiata perch\u00e9 quest\u2019anno, su richiesta di tanti affezionati concorrenti, tornano le affascinanti prove in discesa e in notturna, con i tubi luminosi a orientare il passaggio degli equipaggi.<\/p>\n\n\n\n<p><strong>\u201c<em>Il giro dell\u2019Irpinia in 80 prove<\/em>\u201d<\/strong><\/p>\n\n\n\n<p>Potrebbe essere questo il sottotitolo della 19^ La MilleCurve.&nbsp; Ci saranno, infatti, 80 prove cronometrate a scandire i circa 170 km del percorso di gara. Non sono poche in una sola giornata di gara ma la MilleCurve \u00e8, per tradizione, una gara impegnativa.<\/p>\n\n\n\n<p>E noi alle tradizioni ci teniamo!<\/p>\n\n\n\n<p>Le iscrizioni saranno aperte dall\u20198 giugno, con agevolazioni per chi si iscriver\u00e0 entro il 17 giugno e per le scuderie che iscriveranno pi\u00f9 di 5 equipaggi.<\/p>\n\n\n\n<p>Nelle prossime settimane troverete <em>news <\/em>e aggiornamenti nelle pagine del sito dedicate alla 19^ La MilleCurve (<a href=\"http:\/\/www.millecurve.org\/\">www.millecurve.org<\/a>) e sui nostri profili <em>social<\/em>.<\/p>\n","protected":false},"excerpt":{"rendered":"<p>Si rinnova l\u2019appuntamento con \u201cLa MilleCurve\u201d Anche quest\u2019anno, per la diciannovesima volta consecutiva, si svolger\u00e0 la MilleCurve che sar\u00e0, per la diciassettesima volta, valida per il Campionato Italiano. La partenza sar\u00e0 ad Atripalda, dove si svolger\u00e0 la Power Stage e dove i concorrenti potranno consumare il light lunch previsto dall\u2019ospitalit\u00e0. \u201cL\u2019antica Abellinum\u201d Partiti da Atripalda, [&hellip;]<\/p>\n","protected":false},"author":1,"featured_media":0,"parent":0,"menu_order":0,"comment_status":"closed","ping_status":"closed","template":"","meta":{"footnotes":""},"class_list":["post-1620","page","type-page","status-publish","hentry"],"_links":{"self":[{"href":"https:\/\/millecurve.org\/index.php\/wp-json\/wp\/v2\/pages\/1620","targetHints":{"allow":["GET"]}}],"collection":[{"href":"https:\/\/millecurve.org\/index.php\/wp-json\/wp\/v2\/pages"}],"about":[{"href":"https:\/\/millecurve.org\/index.php\/wp-json\/wp\/v2\/types\/page"}],"author":[{"embeddable":true,"href":"https:\/\/millecurve.org\/index.php\/wp-json\/wp\/v2\/users\/1"}],"replies":[{"embeddable":true,"href":"https:\/\/millecurve.org\/index.php\/wp-json\/wp\/v2\/comments?post=1620"}],"version-history":[{"count":3,"href":"https:\/\/millecurve.org\/index.php\/wp-json\/wp\/v2\/pages\/1620\/revisions"}],"predecessor-version":[{"id":1652,"href":"https:\/\/millecurve.org\/index.php\/wp-json\/wp\/v2\/pages\/1620\/revisions\/1652"}],"wp:attachment":[{"href":"https:\/\/millecurve.org\/index.php\/wp-json\/wp\/v2\/media?parent=1620"}],"curies":[{"name":"wp","href":"https:\/\/api.w.org\/{rel}","templated":true}]}}