{"id":1383,"date":"2023-02-22T16:50:10","date_gmt":"2023-02-22T16:50:10","guid":{"rendered":"https:\/\/millecurve.org\/?page_id=1383"},"modified":"2023-02-22T22:04:32","modified_gmt":"2023-02-22T22:04:32","slug":"xviii-la-millecurve","status":"publish","type":"page","link":"https:\/\/millecurve.org\/index.php\/xviii-la-millecurve\/","title":{"rendered":"XVIII La MilleCurve"},"content":{"rendered":"\n<figure class=\"wp-block-image size-full is-resized\"><img loading=\"lazy\" decoding=\"async\" src=\"https:\/\/millecurve.org\/wp-content\/uploads\/2023\/02\/TARGA-23.jpg\" alt=\"\" class=\"wp-image-1332\" width=\"652\" height=\"356\" srcset=\"https:\/\/millecurve.org\/wp-content\/uploads\/2023\/02\/TARGA-23.jpg 518w, https:\/\/millecurve.org\/wp-content\/uploads\/2023\/02\/TARGA-23-300x164.jpg 300w\" sizes=\"auto, (max-width: 652px) 100vw, 652px\" \/><\/figure>\n\n\n\n<p>Cari amici regolaristi ci siamo: \u00e8 arrivato il tempo de \u201cLa MilleCurve\u201d che questo anno con la 18\u00b0 edizione diventa maggiorenne !<br>L\u2018appuntamento con la regolarit\u00e0 nella verde Irpinia ritorna pochi giorni dopo l\u2019inizio della primavera, quando il verde \u00e8 ancora pi\u00f9 verde e le giornate pi\u00f9 luminose.<br>Da tempo siamo impegnati per la sua realizzazione, per essere pronti ad accogliere chi vorr\u00e0 tornare a cimentarsi sui nostri tracciati tra monti, valli e colline e chi per la prima volta verr\u00e0 a scoprire le bellezze del paesaggio e la accuratezza con cui \u00e8 allestita la competizione, divenuta oramai un classico nel panorama italiano della regolarit\u00e0, dopo diciassette edizioni, di cui quindici valide per il Campionato Italiano.<br>200 chilometri da percorrere attraverso i favolosi paesaggi che offre l\u2019appennino campano con i suoi monti, i suoi fitti boschi e le sue ampie spianate, con la immancabile conclusione sui tornanti in salita che porteranno alla sommit\u00e0 di Montevergine, teatro negli anni \u201970 della epica cronoscalata valida per il trofeo nazionale della montagna.<br>65 prove cronometrate daranno ritmo ad una gara sempre varia e non banale, con passaggi tecnici ma in sicurezza, cadenzate da 5 controlli orari progettati per dare il giusto tempo per una pausa prima di ripartire per il settore successivo, corroborati e determinati.<br>Le iscrizioni saranno aperte dal 1\u00b0 marzo, con la possibilit\u00e0 di iscrizione a tariffe agevolate entro il 12 marzo; vi aspettiamo numerosi.<br>Nelle prossime settimane troverete\u00a0news\u00a0ed aggiornamenti nelle pagine del sito dedicate alla 18^ \u00a0La MilleCurve (www.millecurve.org) e sui nostri profili social.<\/p>\n","protected":false},"excerpt":{"rendered":"<p>Cari amici regolaristi ci siamo: \u00e8 arrivato il tempo de \u201cLa MilleCurve\u201d che questo anno con la 18\u00b0 edizione diventa maggiorenne !L\u2018appuntamento con la regolarit\u00e0 nella verde Irpinia ritorna pochi giorni dopo l\u2019inizio della primavera, quando il verde \u00e8 ancora pi\u00f9 verde e le giornate pi\u00f9 luminose.Da tempo siamo impegnati per la sua realizzazione, per [&hellip;]<\/p>\n","protected":false},"author":1,"featured_media":0,"parent":0,"menu_order":0,"comment_status":"closed","ping_status":"closed","template":"","meta":{"footnotes":""},"class_list":["post-1383","page","type-page","status-publish","hentry"],"_links":{"self":[{"href":"https:\/\/millecurve.org\/index.php\/wp-json\/wp\/v2\/pages\/1383","targetHints":{"allow":["GET"]}}],"collection":[{"href":"https:\/\/millecurve.org\/index.php\/wp-json\/wp\/v2\/pages"}],"about":[{"href":"https:\/\/millecurve.org\/index.php\/wp-json\/wp\/v2\/types\/page"}],"author":[{"embeddable":true,"href":"https:\/\/millecurve.org\/index.php\/wp-json\/wp\/v2\/users\/1"}],"replies":[{"embeddable":true,"href":"https:\/\/millecurve.org\/index.php\/wp-json\/wp\/v2\/comments?post=1383"}],"version-history":[{"count":3,"href":"https:\/\/millecurve.org\/index.php\/wp-json\/wp\/v2\/pages\/1383\/revisions"}],"predecessor-version":[{"id":1391,"href":"https:\/\/millecurve.org\/index.php\/wp-json\/wp\/v2\/pages\/1383\/revisions\/1391"}],"wp:attachment":[{"href":"https:\/\/millecurve.org\/index.php\/wp-json\/wp\/v2\/media?parent=1383"}],"curies":[{"name":"wp","href":"https:\/\/api.w.org\/{rel}","templated":true}]}}

<figure class="wp-block-image size-full is-resized"><img loading="lazy" decoding="async" src="https://millecurve.org/wp-content/uploads/2023/02/TARGA-23.jpg" alt="" class="wp-image-1332" width="652" height="356" srcset="https://millecurve.org/wp-content/uploads/2023/02/TARGA-23.jpg 518w, https://millecurve.org/wp-content/uploads/2023/02/TARGA-23-300x164.jpg 300w" sizes="auto, (max-width: 652px) 100vw, 652px" /></figure>



<p>Cari amici regolaristi ci siamo: è arrivato il tempo de “La MilleCurve” che questo anno con la 18° edizione diventa maggiorenne !<br>L‘appuntamento con la regolarità nella verde Irpinia ritorna pochi giorni dopo l’inizio della primavera, quando il verde è ancora più verde e le giornate più luminose.<br>Da tempo siamo impegnati per la sua realizzazione, per essere pronti ad accogliere chi vorrà tornare a cimentarsi sui nostri tracciati tra monti, valli e colline e chi per la prima volta verrà a scoprire le bellezze del paesaggio e la accuratezza con cui è allestita la competizione, divenuta oramai un classico nel panorama italiano della regolarità, dopo diciassette edizioni, di cui quindici valide per il Campionato Italiano.<br>200 chilometri da percorrere attraverso i favolosi paesaggi che offre l’appennino campano con i suoi monti, i suoi fitti boschi e le sue ampie spianate, con la immancabile conclusione sui tornanti in salita che porteranno alla sommità di Montevergine, teatro negli anni ’70 della epica cronoscalata valida per il trofeo nazionale della montagna.<br>65 prove cronometrate daranno ritmo ad una gara sempre varia e non banale, con passaggi tecnici ma in sicurezza, cadenzate da 5 controlli orari progettati per dare il giusto tempo per una pausa prima di ripartire per il settore successivo, corroborati e determinati.<br>Le iscrizioni saranno aperte dal 1° marzo, con la possibilità di iscrizione a tariffe agevolate entro il 12 marzo; vi aspettiamo numerosi.<br>Nelle prossime settimane troverete news ed aggiornamenti nelle pagine del sito dedicate alla 18^  La MilleCurve (www.millecurve.org) e sui nostri profili social.</p>

<p>Cari amici regolaristi ci siamo: è arrivato il tempo de “La MilleCurve” che questo anno con la 18° edizione diventa maggiorenne !L‘appuntamento con la regolarità nella verde Irpinia ritorna pochi giorni dopo l’inizio della primavera, quando il verde è ancora più verde e le giornate più luminose.Da tempo siamo impegnati per la sua realizzazione, per [&hellip;]</p>
